{"id":1086,"date":"2020-11-17T10:12:39","date_gmt":"2020-11-17T08:12:39","guid":{"rendered":"https:\/\/www.lupovet-pflanzt.org\/?page_id=1086"},"modified":"2020-11-17T10:15:53","modified_gmt":"2020-11-17T08:15:53","slug":"das-entscheidende-abc","status":"publish","type":"page","link":"https:\/\/www.lupovet-pflanzt.org\/index.php\/fakten\/das-entscheidende-abc\/","title":{"rendered":"Das entscheidende ABC"},"content":{"rendered":"<h2>Das entscheidende ABC \u00fcber den erdgeschichtlichen Zeitblitz der Menschheit: Hommage an diesen noch wunderbaren Planeten<\/h2>\n<p><strong>Zeitinvest: gute 4 Minuten, um unser aller Ziel durch <em>www.lupovet-pflanzt.org <\/em>zu umrei\u00dfen.<\/strong><\/p>\n<p><strong>Pers\u00f6nliche Inkubationszeit: gute 40 Jahre <\/strong><\/p>\n<p><strong>Setting:<\/strong> Stellt man die 14 Mrd. Jahren seit Urknall mit 10.000 km Wegstrecke dar, bzw. der Luftlinie Freiburg i.Brg. (D) \u2013 Los Angeles (USA), so steht dieser gerade mal 1 Meter gegen\u00fcber seit der \u00f6kologisch relevanten Industrialisierung, die vor gerade mal 140 Jahren begonnen hat.<\/p>\n<p><img loading=\"lazy\" decoding=\"async\" class=\"aligncenter wp-image-1087\" src=\"https:\/\/www.lupovet-pflanzt.org\/wp-content\/uploads\/2020\/11\/entfernung_los_angeles_freiburg1600pix.jpg\" alt=\"\" width=\"1032\" height=\"579\" srcset=\"https:\/\/www.lupovet-pflanzt.org\/wp-content\/uploads\/2020\/11\/entfernung_los_angeles_freiburg1600pix.jpg 1600w, https:\/\/www.lupovet-pflanzt.org\/wp-content\/uploads\/2020\/11\/entfernung_los_angeles_freiburg1600pix-300x168.jpg 300w, https:\/\/www.lupovet-pflanzt.org\/wp-content\/uploads\/2020\/11\/entfernung_los_angeles_freiburg1600pix-1024x575.jpg 1024w, https:\/\/www.lupovet-pflanzt.org\/wp-content\/uploads\/2020\/11\/entfernung_los_angeles_freiburg1600pix-768x431.jpg 768w, https:\/\/www.lupovet-pflanzt.org\/wp-content\/uploads\/2020\/11\/entfernung_los_angeles_freiburg1600pix-1536x862.jpg 1536w\" sizes=\"auto, (max-width: 1032px) 100vw, 1032px\" \/><\/p>\n<p>In den n\u00e4chsten ca. <strong>30 cm dieser 10.000 km<\/strong> entscheiden wir Menschen aus freien St\u00fccken bewusst aktiv oder unbewusst passiv \u00fcber Leben und Tod nicht nur unserer Spezies.<\/p>\n<p>Physikalisch hat der Hebel der bereits bestehenden Erh\u00f6hung des atmosph\u00e4rischen pCO<sub>2<\/sub> von ca. 280 ppm vor 140 Jahren auf heute \u201elediglich\u201c 440 ppm bereits extreme globale Klima-Auswirkungen, die allersp\u00e4testens seit Etablierung der weltweit anerkannten Attributionswissenschaften, aber auch durch schier allabendliche Wetterkarten <strong>faktisch<\/strong> wurde und nicht mehr nur eine \u201eMeinung\u201c darstellt\u2026 Leider fehlt uns ein Sinnesorgan f\u00fcr CO<sub>2<\/sub>. 5000 ppm CO<sub>2<\/sub> nehmen wir \u201elediglich\u201c als stickige Raumluft wahr. Leider werden uns dadurch \u00a0unwissentlich verschuldete Aerosol-COVID-19 Leichen nur sehr langsam bewusst: Erst das Corona-Virus (CO\u03d12) hat uns j\u00fcngst innerhalb k\u00fcrzester Zeit desastr\u00f6s gelehrt, zu was wir bei einer Wahrnehmung von Risiken grunds\u00e4tzlich in der Lage w\u00e4ren: die Zeit zum Verst\u00e4ndnis der (fast?!) unumkehrbaren Klimakatastrophe ist ganz offensichtlich immer noch nicht da. Wir tun einfach noch nix oder aber viel zu wenig f\u00fcr uns, unser positives Lebensgef\u00fchl und den uns anvertrauten wunderbaren Planeten\u2026<\/p>\n<p><strong>Freudige Challenge:<\/strong> Nur DREI M\u00f6glichkeiten bestehen, das drohende CO<sub>2 <\/sub>loszuwerden:<\/p>\n<ol start=\"2\">\n<li><strong><em>CO<sub>2<\/sub>-Vermeidung:<\/em><\/strong> <strong>1 Sekunde Sonnenstrahlung deckt physikalisch unseren derzeitigen Energiebedarf f\u00fcr 1000 Jahre: <\/strong>Offshore<strong>&#8211;<\/strong>Windr\u00e4der, und PV auf die D\u00e4cher\u2026 bis sie sich biegen\u2026 (<a href=\"http:\/\/www.quaschning.de\">quaschning.de<\/a>) das macht Spa\u00df, sei es beim Gas geben eines l\u00e4rmfreien E-Autos (ab 99\u20ac\/Monat geleast) oder beim klimaneutralen Heizen\u2026 das tut der Seele gut UND dem Klima. OHNE atavistisch wertvolles \u00d6l und Kohle zu verbrennen. OHNE Entsagung \u2026eine reine Freude 2.0 \u2026 wie es sein soll!<\/li>\n<li>doppelt schlau <strong><em>bio-logische CO<sub>2<\/sub>-Bindung<\/em><\/strong> durch Pflanzen, sie lagern <strong>anabol<\/strong> reichlich CO<sub>2<\/sub> in sich ein, bilden dabei O<sub>2<\/sub> als \u201eAbfall\u201c. Latenzzeit leider 30 Jahre (www.lupovet-pflanzt.org). DAS Kernthema von LupoVet pflanzt. Oder durch<\/li>\n<li><strong><em>technische Bindung<\/em><\/strong> ohne Latenzzeit, HIER UND JETZT (z.B. <a href=\"http:\/\/www.climeworks.com\">climeworks.com<\/a>) wenn man es denn sofort tut&#8230;<\/li>\n<\/ol>\n<p><strong><em>\u00a0<\/em><\/strong><\/p>\n<p><strong><em>Die Zeit zum Planen ist rum. Uns bleiben noch maximal 50 Jahre bis zu unserer entscheidenden historischen Zukunftsgabelung: Jeder an seinem Ort kann, soll, darf, muss freudig mitmachen, um den Spuk zu beseitigen: Schlau wie gegen Corona, dass uns erst durch leicht z\u00e4hlbare Leichen zu einem sofortigen Handlungsbedarf motivierte. Pflanzen und informieren ist angesagt: am besten mit www.lupovet-pflanzt.org. Wir m\u00fcssen ab sofort handeln und freudig offen f\u00fcr alles sein, was da aktiv ausschlie\u00dflich durch uns selber kommen wird, nur bitte Eines nicht: der CO<sub>2<\/sub>knall.<\/em><\/strong><\/p>\n","protected":false},"excerpt":{"rendered":"<p>Das entscheidende ABC \u00fcber den erdgeschichtlichen Zeitblitz der Menschheit: Hommage an diesen noch wunderbaren Planeten Zeitinvest: gute 4 Minuten, um unser aller Ziel durch www.lupovet-pflanzt.org zu umrei\u00dfen. Pers\u00f6nliche Inkubationszeit: gute 40 Jahre Setting: Stellt man die 14 Mrd. Jahren seit<\/p>\n","protected":false},"author":3,"featured_media":0,"parent":320,"menu_order":1,"comment_status":"closed","ping_status":"closed","template":"","meta":{"footnotes":""},"class_list":["post-1086","page","type-page","status-publish","hentry"],"_links":{"self":[{"href":"https:\/\/www.lupovet-pflanzt.org\/index.php\/wp-json\/wp\/v2\/pages\/1086","targetHints":{"allow":["GET"]}}],"collection":[{"href":"https:\/\/www.lupovet-pflanzt.org\/index.php\/wp-json\/wp\/v2\/pages"}],"about":[{"href":"https:\/\/www.lupovet-pflanzt.org\/index.php\/wp-json\/wp\/v2\/types\/page"}],"author":[{"embeddable":true,"href":"https:\/\/www.lupovet-pflanzt.org\/index.php\/wp-json\/wp\/v2\/users\/3"}],"replies":[{"embeddable":true,"href":"https:\/\/www.lupovet-pflanzt.org\/index.php\/wp-json\/wp\/v2\/comments?post=1086"}],"version-history":[{"count":2,"href":"https:\/\/www.lupovet-pflanzt.org\/index.php\/wp-json\/wp\/v2\/pages\/1086\/revisions"}],"predecessor-version":[{"id":1090,"href":"https:\/\/www.lupovet-pflanzt.org\/index.php\/wp-json\/wp\/v2\/pages\/1086\/revisions\/1090"}],"up":[{"embeddable":true,"href":"https:\/\/www.lupovet-pflanzt.org\/index.php\/wp-json\/wp\/v2\/pages\/320"}],"wp:attachment":[{"href":"https:\/\/www.lupovet-pflanzt.org\/index.php\/wp-json\/wp\/v2\/media?parent=1086"}],"curies":[{"name":"wp","href":"https:\/\/api.w.org\/{rel}","templated":true}]}}