{"id":698,"date":"2019-11-22T17:21:57","date_gmt":"2019-11-22T15:21:57","guid":{"rendered":"https:\/\/rotary-plants.org\/?page_id=698"},"modified":"2019-12-04T11:08:25","modified_gmt":"2019-12-04T09:08:25","slug":"warum-baeume","status":"publish","type":"page","link":"https:\/\/www.lupovet-pflanzt.org\/index.php\/projekte\/warum-baeume\/","title":{"rendered":"Warum B\u00e4ume?"},"content":{"rendered":"<h1>Beleaf it! Releaf it: Man to the Moon 2.0<\/h1>\n<div class=\"page-builder-block\">\n<div class=\"row-block-container-outer\">\n<div class=\"row-block-container\">\n<div class=\"row-block row contains-html-block\">\n<div class=\"col-block col-lg-6 col-md-6 col-sm-12\">\n<div class=\"html-block\" data-block-uuid=\"84f9d264-45f3-4a6f-836e-655d072f2790\">\n<p style=\"text-align: justify;\">Alternativlose bio-logische Grundlage:<a href=\"https:\/\/rotary-plants.org\/wp-content\/uploads\/2019\/11\/gmp06-005-19-anzeigen-beleaf-it2.jpg\"><img loading=\"lazy\" decoding=\"async\" class=\"size-medium wp-image-699 alignright\" src=\"https:\/\/rotary-plants.org\/wp-content\/uploads\/2019\/11\/gmp06-005-19-anzeigen-beleaf-it2-233x300.jpg\" alt=\"\" width=\"233\" height=\"300\" srcset=\"https:\/\/www.lupovet-pflanzt.org\/wp-content\/uploads\/2019\/11\/gmp06-005-19-anzeigen-beleaf-it2-233x300.jpg 233w, https:\/\/www.lupovet-pflanzt.org\/wp-content\/uploads\/2019\/11\/gmp06-005-19-anzeigen-beleaf-it2-768x987.jpg 768w, https:\/\/www.lupovet-pflanzt.org\/wp-content\/uploads\/2019\/11\/gmp06-005-19-anzeigen-beleaf-it2-797x1024.jpg 797w, https:\/\/www.lupovet-pflanzt.org\/wp-content\/uploads\/2019\/11\/gmp06-005-19-anzeigen-beleaf-it2.jpg 1305w\" sizes=\"auto, (max-width: 233px) 100vw, 233px\" \/><\/a><\/p>\n<p style=\"text-align: justify;\">Die W\u00e4lder\/Pflanzen der Welt sind schon seit jeher -und sind es <strong>trotz Menschheit immer noch!<\/strong>&#8211; der einzige biologische O2-Bildner<strong> und<\/strong> CO2-Senker: Sie sind durch ihr gr\u00fcnes <em>Chlorophyll<\/em> anabol!<br \/>\nDas hei\u00dft: Sie binden zum eigenen Leben, das auch O2 braucht, idealerweise parallel 1:1 CO2, das zentrale Treibhausgas, das ohne diese Pflanzenarbeit die fragile Erde komplett kochen lie\u00dfe.<\/p>\n<p>Alle Tier-\/Menschenzellen der Welt mit ihrem O2-Transporter <em>H\u00e4moglobin<\/em> jedoch sind endlich <strong>zwingend<\/strong> Pflanzen stoffwechselphysiologisch abbauend, katabol:<\/p>\n<p><strong>Leben und leben lassen<\/strong>: der Balanceakt, bei dem immer Mensch und Tier von der Pflanze abh\u00e4ngig ist, nicht aber umgekehrt&#8230;<strong>Mensch und Tier parasitieren zu 100%<\/strong>.<\/p>\n<p style=\"text-align: justify;\"><strong>Wir haben zwei Probleme: <\/strong><\/p>\n<p style=\"text-align: justify;\">Erstens, zu viele W\u00e4lder wurden und werden zerst\u00f6rt. <strong>Knapp <a href=\"https:\/\/www.plant-for-the-planet.org\/media\/download\/cms\/media\/waldstudie\/crowther-et-al.-2015-article.pdf\" target=\"_blank\" rel=\"noopener noreferrer\">50% der urspr\u00fcnglichen W\u00e4lder<\/a> sind bereits durch uns Menschen verschwunden!<\/strong> Genau das m\u00fcssen wir alle vielerorts schlau stoppen! Wir m\u00fcssen besonders die so wertvollen Regenw\u00e4lder <strong>sch\u00fctzen. <\/strong>Rotary International bringt seit jeher unterschiedlichste Menschen zusammen, sich auszutauschen und endlich Gutes zu schaffen. So hoffentlich auch hier.<strong><br \/>\n<\/strong><\/p>\n<p style=\"text-align: justify;\">Zweitens, wir brauchen wieder mehr W\u00e4lder. Daf\u00fcr haben wir <strong>genug Platz<\/strong>. Rund 3000 Milliarden B\u00e4ume wachsen<strong> menschenbedingt heute nur noch<\/strong>, <strong><a href=\"https:\/\/www.plant-for-the-planet.org\/media\/download\/cms\/media\/waldstudie\/crowther-et-al.-2015-article.pdf\">wie diese Studie zeigt<\/a><\/strong>.<br \/>\n1000 Milliarden haben noch Platz.<\/p>\n<p style=\"text-align: justify;\">Lasst uns wieder mehr <a href=\"https:\/\/rotary-plants.org\/index.php\/projekte\/\"><strong>B\u00e4ume pflanzen<\/strong><\/a>. Jetzt. Sofort. Nicht reden. Pflanzen! \u00dcberall!<\/p>\n<p style=\"text-align: justify;\">Das neue seinerzeit unm\u00f6glich erscheinende\u00a0 <span style=\"font-size: 14pt;\">&#171;<strong>Man to the Moon 2.0&#8243; -Projekt.<\/strong><\/span><\/p>\n<p>&nbsp;<\/p>\n<p><strong>Warum brauchen wir die W\u00e4lder?<\/strong><\/p>\n<p>Seit Jahrzehnten <strong>verhandeln die Politiker auf Klimakonferenzen<\/strong>. Seit 2015, der Klimakonferenz in Paris, haben wir endlich Versprechen der Regierungen.<\/p>\n<\/div>\n<\/div>\n<\/div>\n<\/div>\n<\/div>\n<div class=\"row-block-container-outer\">\n<div class=\"row-block-container\">\n<div class=\"row-block row contains-iframe-block contains-html-block\">\n<div class=\"col-block col-lg-6 col-md-6 col-sm-12\">\n<div class=\"iframe-block\" data-block-uuid=\"c59ff071-55bb-43d7-bd0a-9ae302b28a6b\">Aber: <strong>Selbst wenn alle Regierungen sich an alle Versprechen halten, kann und wird sich die Erde auf 4\u00b0C aufheizen. <\/strong>Das setzt Effekte in Gang, die sich nicht mehr kontrollieren lassen.<br \/>\nDie Folgen: D\u00fcrren, \u00dcberflutungen, Hunger, Kriege, Klima-Fl\u00fcchtlinge.<\/div>\n<\/div>\n<div class=\"col-block col-lg-6 col-md-6 col-sm-12\">\n<div class=\"html-block\" data-block-uuid=\"98adbdf5-f5a2-4409-a570-ae8b440aa491\">\n<p><a href=\"https:\/\/rotary-plants.org\/index.php\/fakten\/die-co2-uhr-tickt\/\"><strong>Die CO2-Uhr tickt!<\/strong><\/a><\/p>\n<p style=\"text-align: justify;\">Wir brauchen mehr Zeit! Diese Zeit verschaffen uns h\u00f6chstens B\u00e4ume. <strong>Sie schenken uns einen Zeitjoker. <\/strong><\/p>\n<p style=\"text-align: justify;\">Wir m\u00fcssen die CO2-Emissionen reduzieren und gleichzeitig B\u00e4ume pflanzen. Nur so k\u00f6nnen wir die Zukunft der Kinder retten!<\/p>\n<h3 style=\"text-align: justify;\">B\u00e4ume sind echte Superhelden.<\/h3>\n<p style=\"text-align: justify;\">Sie bilden O2 und binden CO2. Aber sie k\u00f6nnen noch viel mehr. Ohne sie w\u00e4re dieser Planet karg und \u00f6de, ein Leben w\u00fcrde kaum stattfinden.<\/p>\n<p style=\"text-align: justify;\">Von farbenpr\u00e4chtigen Paradiesv\u00f6geln \u00fcber elegante Raubtiere bis hin zum kleinsten Vogel der Welt, der Bienenelfe,\u00a0 \u2013 sie alle findet man <a href=\"https:\/\/www.regenwald-schuetzen.org\/regenwald-wissen\/der-regenwald\/\" target=\"_blank\" rel=\"noopener noreferrer\"><strong>in tropischen Regenw\u00e4ldern<\/strong><\/a>. Diese z\u00e4hlen zu den artenreichsten und faszinierendsten Lebensr\u00e4umen unserer Erde. T\u00e4glich werden dort weitere Arten entdeckt. Obwohl nur sieben Prozent der eisfreien Landmassen von tropischen Regenw\u00e4ldern bedeckt sind, finden sich in den tropischen Regenw\u00e4ldern bis zu 90 Prozent aller bekannten Tier- und Pflanzenarten.<br \/>\n<strong>Bergw\u00e4lder<\/strong> bieten den Menschen einen wirksamen Schutz vor Naturgefahren wie Steinschlag, Muren, Hangrutschungen oder Lawinen. Sie sch\u00fctzen den Boden aber auch vor Erosion, haben eine besondere Bedeutung f\u00fcr den Hochwasserschutz und spenden sauberes Trinkwasser.<br \/>\n<strong>Mangrovenw\u00e4lder<\/strong> sch\u00fctzen die K\u00fcsten vor St\u00fcrmen\u00a0 und Fluten.<br \/>\n<strong>Nadelw\u00e4lder in Sibiren<\/strong> gedeihen selbst bei minus 50 \u00b0 C und bieten Lebensraum f\u00fcr mehr als 300 Vogelarten und zahlreiche S\u00e4ugetiere wie Marder, Wolf und Rentier.<\/p>\n<p style=\"text-align: justify;\">Schon gewu\u00dft? B\u00e4ume bilden eine <a href=\"https:\/\/www.waldwissen.net\/wald\/baeume_waldpflanzen\/oekologie\/wsl_mykorrhiza_lebensgemeinschaft\/index_DE\" target=\"_blank\" rel=\"noopener noreferrer\"><strong>Gemeinschaft mit Pilzen<\/strong><\/a>.<\/p>\n<hr \/>\n<p><strong>Mit Plants for the planet neue B\u00e4ume pflanzen &#8211; Vorteile f\u00fcr die Menschen vor Ort<a href=\"https:\/\/rotary-plants.org\/wp-content\/uploads\/2019\/11\/schulen.jpg\"><img loading=\"lazy\" decoding=\"async\" class=\"alignright size-medium wp-image-704\" src=\"https:\/\/rotary-plants.org\/wp-content\/uploads\/2019\/11\/schulen-214x300.jpg\" alt=\"\" width=\"214\" height=\"300\" srcset=\"https:\/\/www.lupovet-pflanzt.org\/wp-content\/uploads\/2019\/11\/schulen-214x300.jpg 214w, https:\/\/www.lupovet-pflanzt.org\/wp-content\/uploads\/2019\/11\/schulen.jpg 347w\" sizes=\"auto, (max-width: 214px) 100vw, 214px\" \/><\/a><\/strong><\/p>\n<p>Mit Co-Benefits f\u00fcr die <strong>Entwicklungspolitik <\/strong>k\u00f6nnen Aufforstungsprojekte in L\u00e4ndern des S\u00fcdens den Menschen vor Ort <strong>Wohlstand bringen <\/strong>&#8211; und damit auch Bildung. Au\u00dferdem sorgen sie f\u00fcr <strong>Nahrung und Artenvielfalt<\/strong> und bieten eine wertvolle, <strong>nachwachsende Ressource<\/strong>: Holz. Wenn wir Holz zu langlebigen Holzprodukten verarbeiten, schaffen wir zum einen Platz f\u00fcr neue CO2-Speicher, zum anderen schaffen wir <strong>neue Arbeitspl\u00e4tze <\/strong>in Baumschulen, beim Pflanzen und Pflegen der B\u00e4ume.So werden aus Baumschulen auch echte Schulen, weil der Wohlstand langfristig Bildung bringt.<br \/>\nMehr Informationen zu diesem Thema:<br \/>\n<strong><a href=\"https:\/\/www.sueddeutsche.de\/wissen\/russland-china-usa-brasilien-klimawandel-wald-baeume-co2-treibhausgas-1.4513739\" target=\"_blank\" rel=\"noopener noreferrer\">Lasst uns Milliarden B\u00e4ume pflanzen<\/a><\/strong><\/p>\n<p>&nbsp;<\/p>\n<\/div>\n<\/div>\n<\/div>\n<\/div>\n<\/div>\n<\/div>\n","protected":false},"excerpt":{"rendered":"<p>Beleaf it! Releaf it: Man to the Moon 2.0 Alternativlose bio-logische Grundlage: Die W\u00e4lder\/Pflanzen der Welt sind schon seit jeher -und sind es trotz Menschheit immer noch!&#8211; der einzige biologische O2-Bildner und CO2-Senker: Sie sind durch ihr gr\u00fcnes Chlorophyll anabol!<\/p>\n","protected":false},"author":3,"featured_media":0,"parent":328,"menu_order":2,"comment_status":"closed","ping_status":"closed","template":"","meta":{"footnotes":""},"class_list":["post-698","page","type-page","status-publish","hentry"],"_links":{"self":[{"href":"https:\/\/www.lupovet-pflanzt.org\/index.php\/wp-json\/wp\/v2\/pages\/698","targetHints":{"allow":["GET"]}}],"collection":[{"href":"https:\/\/www.lupovet-pflanzt.org\/index.php\/wp-json\/wp\/v2\/pages"}],"about":[{"href":"https:\/\/www.lupovet-pflanzt.org\/index.php\/wp-json\/wp\/v2\/types\/page"}],"author":[{"embeddable":true,"href":"https:\/\/www.lupovet-pflanzt.org\/index.php\/wp-json\/wp\/v2\/users\/3"}],"replies":[{"embeddable":true,"href":"https:\/\/www.lupovet-pflanzt.org\/index.php\/wp-json\/wp\/v2\/comments?post=698"}],"version-history":[{"count":22,"href":"https:\/\/www.lupovet-pflanzt.org\/index.php\/wp-json\/wp\/v2\/pages\/698\/revisions"}],"predecessor-version":[{"id":799,"href":"https:\/\/www.lupovet-pflanzt.org\/index.php\/wp-json\/wp\/v2\/pages\/698\/revisions\/799"}],"up":[{"embeddable":true,"href":"https:\/\/www.lupovet-pflanzt.org\/index.php\/wp-json\/wp\/v2\/pages\/328"}],"wp:attachment":[{"href":"https:\/\/www.lupovet-pflanzt.org\/index.php\/wp-json\/wp\/v2\/media?parent=698"}],"curies":[{"name":"wp","href":"https:\/\/api.w.org\/{rel}","templated":true}]}}